189 a composite number?
False
Is 5718481103 a composite number?
True
Is 1829307191 composite?
False
Is 1160895397 prime?
False
Is 747655801 a composite number?
True
Is 25135816151 prime?
False
Is 3719965241 a composite number?
False
Is 12342452923 a composite number?
False
Is 3462218299 composite?
False
Is 249434976865 composite?
True
Is 13531014947 a composite number?
False
Is 31045107593 prime?
True
Is 60174958913 a composite number?
True
Is 893070861 a prime number?
False
Is 11357182387 a composite number?
True
Is 346017922165 composite?
True
Is 741173003 composite?
False
Is 8861302877 a prime number?
False
Is 63907064821 composite?
False
Is 435743513 a composite number?
True
Is 18439829833 a prime number?
True
Is 2856417947 composite?
True
Is 353975227 prime?
False
Is 56493817547 a composite number?
False
Is 26713743379 a composite number?
False
Is 6244049521 composite?
True
Is 531208519 prime?
False
Is 772873709 a composite number?
False
Is 773531209 a prime number?
False
Is 5734010767 prime?
False
Is 7557783059 a prime number?
False
Is 1104204203 a composite number?
True
Is 47232068227 a composite number?
False
Is 13793964187 a prime number?
False
Is 14402538299 a prime number?
False
Is 16886105 composite?
True
Is 54653358553 a composite number?
True
Is 121175132417 a composite number?
False
Is 412545751 a prime number?
True
Is 759486491 composite?
False
Is 154434853 prime?
True
Is 20302085893 composite?
True
Is 41825720591 composite?
False
Is 23467918589 a prime number?
False
Is 4679689423 composite?
True
Is 521426099 a composite number?
False
Is 99706521527 a composite number?
False
Is 12312965573 a composite number?
False
Is 10186534199 a prime number?
False
Is 12262810169 a prime number?
True
Is 652056359 prime?
True
Is 1677452801 a composite number?
False
Is 16423469899 prime?
True
Is 5113592773 prime?
True
Is 15296673617 prime?
True
Is 18317513573 a prime number?
False
Is 3341255219 composite?
False
Is 1148073811 a composite number?
False
Is 18719342933 composite?
False
Is 1896346043 composite?
True
Is 653048623 a prime number?
True
Is 3090282179 a prime number?
True
Is 1986731653 prime?
True
Is 2383479143 composite?
False
Is 156063260131 a prime number?
True
Is 25053058999 a composite number?
True
Is 992144935 a prime number?
False
Is 512242559 a prime number?
False
Is 7097323021 a composite number?
True
Is 660436583 prime?
True
Is 3921421323 prime?
False
Is 7902453883 prime?
False
Is 3678809567 composite?
False
Is 10068223189 prime?
True
Is 17254595909 a prime number?
True
Is 2473178277 prime?
False
Is 1777046569 a composite number?
False
Is 6828822487 composite?
False
Is 9504994803 prime?
False
Is 10358085109 prime?
True
Is 4941411331 a composite number?
True
Is 2282584862 prime?
False
Is 491725831 composite?
False
Is 54600575723 a prime number?
True
Is 160021781837 a composite number?
False
Is 12338904943 a composite number?
False
Is 7372175659 composite?
False
Is 6814105927 a prime number?
True
Is 3521208409 a prime number?
True
Is 21304850323 composite?
True
Is 10758249001 a prime number?
False
Is 7298283877 a composite number?
False
Is 47361761939 a composite number?
True
Is 63987188963 prime?
False
Is 7268885371 a prime number?
False
Is 794875463 a prime number?
False
Is 24041559809 a prime number?
True
Is 8815829837 composite?
True
Is 5593023619 prime?
True
Is 437293211 a prime number?
True
Is 504715009 a composite number?
True
Is 1023845869 a composite number?
True
Is 716614727 a prime number?
True
Is 23442746467 a composite number?
True
Is 374495519 a prime number?
True
Is 42503186507 composite?
True
Is 47968650421 composite?
True
Is 1884123419 a composite number?
True
Is 1137429911 a composite number?
True
Is 365143703 a prime number?
True
Is 64213799887 composite?
False
Is 1413421673 a composite number?
True
Is 1855254871 composite?
False
Is 163352570063 composite?
False
Is 65049961871 prime?
True
Is 875847817 composite?
True
Is 52132077043 a prime number?
False
Is 27587059 a composite number?
False
Is 875074559 a composite number?
False
Is 2270801374 a composite number?
True
Is 9428728913 a prime number?
True
Is 65027682169 composite?
True
Is 1374723001 prime?
True
Is 29056388303 a composite number?
False
Is 7117806907 composite?
False
Is 17349049867 a prime number?
True
Is 28824392257 prime?
False
Is 3398543207 composite?
False
Is 44965419341 a composite number?
True
Is 35214249113 composite?
True
Is 8490071273 prime?
True
Is 101389844174 a composite number?
True
Is 8192853611 a composite number?
False
Is 706337903 prime?
False
Is 293586809 a composite number?
True
Is 220196003 a prime number?
False
Is 605387113 a prime number?
True
Is 1231537639 composite?
True
Is 620277257 prime?
True
Is 4636033867 composite?
True
Is 13829000057 composite?
True
Is 6279251543 composite?
False
Is 173053582639 composite?
True
Is 175970569139 a composite number?
True
Is 1640066705 prime?
False
Is 6407921747 a prime number?
True
Is 217451020937 a prime number?
True
Is 40483243397 prime?
False
Is 644151839 a prime number?
False
Is 4478952521 composite?
False
Is 1102764259 a composite number?
True
Is 2565095237 a prime number?
True
Is 322465159 a prime number?
True
Is 10571379589 a prime number?
False
Is 4503235039 composite?
True
Is 189703634 a composite number?
True
Is 8453252615 composite?
True
Is 9181165849 prime?
True
Is 2684540303 a composite number?
False
Is 1740841241 a prime number?
False
Is 3484726229 a prime number?
True
Is 3666061837 a composite number?
True
Is 3043998253 composite?
True
Is 4976158211 composite?
False
Is 42197525485 prime?
False
Is 3199792763 a composite number?
False
Is 78828149 composite?
True
Is 904204469 prime?
False
Is 14793156869 prime?
True
Is 105311355323 a prime number?
False
Is 6427864249 composite?
False
Is 360879569 a composite number?
False
Is 1395805129 prime?
True
Is 151735837993 a prime number?
False
Is 146625301 composite?
False
Is 11480524931 prime?
True
Is 19214700653 a prime number?
False
Is 11451857363 composite?
True
Is 2257492541 a prime number?
False
Is 5603765759 a composite number?
True
Is 1324405531 composite?
False
Is 13065324137 a prime number?
True
Is 158116681 a prime number?
True
Is 94147062266 a prime number?
False
Is 406575219 a prime number?
False
Is 578259469 a prime number?
True
Is 109084537 composite?
True
Is 608520509 composite?
True
Is 16789496287 composite?
False
Is 2912271745 a prime number?
False
Is 356788307 a prime number?
False
Is 508318163 a prime number?
True
Is 30969511399 a prime number?
True
Is 1669894873 prime?
False
Is 159630371 a composite number?
False
Is 79709341 composite?
True
Is 3067506317 a composite number?
True
Is 83134042169 composite?
True
Is 1550932289 composite?
False
Is 74687453759 a prime number?
True
Is 57534571 a composite number?
False
Is 1778547781 prime?
False
Is 51139469 a composite number?
True
Is 6177901153 prime?
False
Is 341666921 a composite number?
False
Is 45287861 composite?
False
Is 1406248763 composite?
False
Is 367823149 composite?
False
Is 18480025633 prime?
False
Is 246541723 a composite number?
True
Is 21799129123 prime?
True
Is 279253691 a prime number?
False
Is 489375067 composite?
False
Is 12866408117 a composite number?
True
Is 147406364473 a composite number?
False
Is 732223517 prime?
True
Is 397019171 prime?
False
Is 30566603 prime?
True
Is 72689955589 a composite number?
True
Is 164086911491 a prime number?
False
Is 575613877 a prime number?
True
Is 311120963 a composite number?
True
Is 98520086285 composite?
True
Is 2435277263 a composite number?
False
Is 30740933 composite?
True
Is 12380909539 a composite number?
True
Is 2375909819 prime?
True
Is 24593208403 composite?
False
Is 64789503377 prime?
True
Is 1964248999 prime?
True
Is 194467846857 composite?
True
Is 1937017661 a composite number?
False
Is 92515855 a prime number?
False
Is 3075688279 a prime number?
True
Is 16202700557 a composite number?
False
Is 72475873 a prime number?
False
Is 20511962819 a prime number?
False
Is 1499439509 composite?
False
Is 13714427003 a composite number?
True
Is 2569201441 prime?
True
Is 3223233911 composite?
False
Is 567486433 a prime number?
False
Is 1134720779 a prime number?
True
Is 95765359 a prime number?
True
Is 35385